18282 and 7304?
166
Calculate the greatest common divisor of 1059973 and 82.
41
What is the highest common divisor of 489 and 606523?
163
Calculate the highest common divisor of 16527 and 1344.
21
What is the highest common divisor of 85 and 2888283?
17
Calculate the highest common factor of 4941 and 671.
61
Calculate the highest common factor of 110448 and 156.
156
Calculate the highest common factor of 104 and 801776.
8
What is the greatest common divisor of 390 and 9230?
130
What is the highest common divisor of 23296 and 4732?
364
Calculate the highest common factor of 2510 and 4805.
5
What is the greatest common factor of 56 and 153790?
14
What is the highest common divisor of 4456934 and 166?
166
Calculate the greatest common divisor of 182 and 168308.
14
Calculate the highest common factor of 9827 and 34553.
317
What is the highest common divisor of 53019 and 1548?
387
What is the greatest common divisor of 42133 and 19909?
463
Calculate the highest common factor of 616832 and 4392.
488
Calculate the highest common factor of 460917 and 27.
27
What is the highest common divisor of 2748 and 15343?
229
What is the greatest common divisor of 192 and 1400016?
48
Calculate the highest common divisor of 1101 and 18717.
1101
Calculate the highest common divisor of 2813 and 187.
1
Calculate the highest common divisor of 176 and 49456.
176
What is the greatest common factor of 30325 and 5575?
25
Calculate the greatest common factor of 511 and 7081.
73
What is the highest common divisor of 2262 and 19595706?
2262
What is the greatest common factor of 189192 and 24?
24
What is the highest common factor of 7 and 542339?
7
What is the highest common divisor of 512720 and 170?
170
What is the highest common divisor of 400 and 7136?
16
Calculate the highest common factor of 2139 and 2507.
23
Calculate the greatest common divisor of 118300 and 200.
100
What is the highest common divisor of 36 and 2602998?
18
Calculate the greatest common divisor of 388564 and 242.
22
Calculate the highest common factor of 277496 and 8.
8
Calculate the greatest common divisor of 13386864 and 24.
24
Calculate the highest common divisor of 1151382 and 6.
6
Calculate the greatest common divisor of 187 and 3850.
11
What is the greatest common factor of 13223 and 2933?
7
What is the greatest common factor of 187788 and 6?
6
What is the highest common factor of 133 and 2849?
7
Calculate the highest common factor of 4 and 36786.
2
Calculate the greatest common factor of 3939 and 131300.
1313
What is the highest common divisor of 15272488 and 112?
56
Calculate the greatest common factor of 14 and 341894.
14
Calculate the highest common factor of 12 and 579120.
12
What is the greatest common factor of 2465726 and 1096?
274
What is the greatest common divisor of 261117 and 2052?
513
Calculate the greatest common factor of 54513 and 444180.
2019
What is the greatest common factor of 4 and 38304?
4
What is the highest common divisor of 3828 and 7326?
66
Calculate the highest common factor of 304 and 11521220.
76
What is the greatest common factor of 9320 and 1760315?
1165
Calculate the highest common factor of 17591 and 833.
49
Calculate the highest common factor of 125317 and 1243.
113
What is the greatest common divisor of 113148 and 378?
126
What is the greatest common factor of 60 and 95388?
12
Calculate the highest common divisor of 60 and 265040.
20
Calculate the highest common divisor of 52 and 1791244.
52
What is the greatest common divisor of 159 and 36199?
53
Calculate the greatest common divisor of 192 and 1220032.
64
Calculate the highest common divisor of 51629 and 493.
17
What is the greatest common factor of 578 and 389572?
578
What is the highest common divisor of 69 and 16491?
69
Calculate the highest common factor of 696 and 2200.
8
Calculate the highest common factor of 4286 and 9.
1
What is the greatest common divisor of 3333 and 528?
33
What is the greatest common divisor of 2885 and 99821?
577
What is the highest common factor of 41 and 83?
1
Calculate the highest common divisor of 416 and 34424.
104
What is the highest common divisor of 550 and 550440?
110
What is the greatest common factor of 2979 and 410?
1
What is the greatest common divisor of 2939669 and 79?
79
What is the greatest common divisor of 30752 and 35712?
992
What is the greatest common factor of 2815857 and 891?
297
What is the greatest common divisor of 35250 and 1128?
282
Calculate the greatest common factor of 30218 and 58.
58
What is the highest common factor of 24477 and 2091?
123
Calculate the greatest common factor of 500 and 2560.
20
Calculate the highest common divisor of 22 and 289751.
11
Calculate the greatest common factor of 213 and 112109.
71
Calculate the highest common factor of 35 and 41111.
7
What is the greatest common factor of 1348 and 14876?
4
Calculate the highest common divisor of 297 and 9747.
27
Calculate the highest common divisor of 570909 and 141.
141
What is the greatest common divisor of 6450 and 36980?
430
What is the greatest common factor of 345 and 2010?
15
Calculate the greatest common divisor of 7130160 and 720.
720
Calculate the highest common factor of 16 and 712856.
8
What is the greatest common divisor of 26 and 18026?
2
Calculate the greatest common divisor of 188 and 79.
1
Calculate the greatest common factor of 84 and 12726.
42
What is the highest common factor of 5049654 and 29?
29
Calculate the highest common factor of 1248 and 43368.
312
Calculate the highest common factor of 29874 and 6.
6
Calculate the highest common factor of 464 and 754.
58
What is the highest common factor of 13875984 and 1038?
1038
What is the greatest common factor of 4398 and 6?
6
Calculate the highest common divisor of 1605 and 65.
5
Calculate the highest common divisor of 3692 and 11986.
26
What is the greatest common divisor of 587 and 11153?
587
Calculate the highest common divisor of 19 and 6142453.
19
What is the greatest common factor of 63 and 623?
7
What is the highest common factor of 470 and 12314?
94
What is the greatest common divisor of 1350 and 9750?
150
What is the greatest common divisor of 34450 and 900?
50
What is the highest common divisor of 1112 and 448275?
139
What is the greatest common divisor of 12 and 179790?
6
Calculate the greatest common divisor of 5957 and 7252.
259
What is the greatest common factor of 21120 and 90?
30
What is the greatest common divisor of 131474 and 14?
14
What is the highest common factor of 573408 and 181?
181
Calculate the highest common divisor of 1575 and 651.
21
Calculate the highest common factor of 9 and 172116.
9
What is the highest common divisor of 114039 and 45?
9
Calculate the highest common divisor of 356971 and 974.
487
Calculate the greatest common factor of 898840 and 230.
230
What is the highest common factor of 192 and 5666784?
96
What is the highest common divisor of 227904 and 8?
8
Calculate the greatest common factor of 349 and 151117.
349
Calculate the greatest common factor of 47695 and 5.
5
Calculate the greatest common factor of 1824 and 5160.
24
Calculate the greatest common factor of 4005 and 58545.
45
Calculate the highest common factor of 65930 and 470185.
1735
What is the highest common divisor of 2434812 and 472?
236
Calculate the greatest common divisor of 629 and 12469.
37
What is the greatest common factor of 92 and 7521506?
46
What is the highest common divisor of 108 and 4770468?
108
Calculate the highest common divisor of 852 and 306507.
213
Calculate the highest common factor of 2646 and 8947449.
1323
Calculate the greatest common factor of 30944 and 96.
32
What is the highest common divisor of 32 and 1456736?
32
Calculate the highest common factor of 27434 and 110.
22
What is the highest common divisor of 302423 and 209?
209
What is the greatest common factor of 1380 and 278484?
276
Calculate the highest common factor of 13160 and 224.
56
What is the highest common factor of 348645 and 495?
165
What is the greatest common factor of 145302 and 2074?
122
What is the greatest common factor of 1341 and 36?
9
Calculate the highest common factor of 125104 and 144.
16
Calculate the greatest common divisor of 42513 and 47109.
1149
What is the highest common divisor of 18 and 335226?
6
C